{"id":4,"date":"2011-10-16T17:58:37","date_gmt":"2011-10-16T16:58:37","guid":{"rendered":"http:\/\/www.albrecht-ebertshaeuser.de\/?page_id=4"},"modified":"2022-02-20T08:05:17","modified_gmt":"2022-02-20T07:05:17","slug":"uber-mich","status":"publish","type":"page","link":"http:\/\/www.albrecht-ebertshaeuser.de\/wordpress\/?page_id=4","title":{"rendered":"\u00dcber mich"},"content":{"rendered":"<p style=\"text-align: center;\"><a href=\"http:\/\/www.albrecht-ebertshaeuser.de\/wordpress\/wp-content\/uploads\/2011\/12\/AE-26.3.05.jpg\"><img loading=\"lazy\" decoding=\"async\" class=\"size-medium wp-image-256 alignnone\" style=\"margin: 0px 5px 0px 5px;\" title=\"AE, 26.3.05\" src=\"http:\/\/www.albrecht-ebertshaeuser.de\/wordpress\/wp-content\/uploads\/2011\/12\/AE-26.3.05-300x225.jpg\" alt=\"\" width=\"300\" height=\"225\" srcset=\"http:\/\/www.albrecht-ebertshaeuser.de\/wordpress\/wp-content\/uploads\/2011\/12\/AE-26.3.05-300x225.jpg 300w, http:\/\/www.albrecht-ebertshaeuser.de\/wordpress\/wp-content\/uploads\/2011\/12\/AE-26.3.05-1024x768.jpg 1024w\" sizes=\"auto, (max-width: 300px) 100vw, 300px\" \/><\/a><\/p>\n<p style=\"text-align: center;\">Hallo,<\/p>\n<p style=\"text-align: center;\">mein Name ist Albrecht Ebertsh\u00e4user.&nbsp;<\/p>\n<p style=\"text-align: center;\">Ich bin leidenschaftlicher Hobbyfotograf&nbsp;und wohne am Fu\u00dfe der Achalm.<br \/>\nMenschen, Natur und Reisen faszinieren mich.<\/p>\n<p style=\"text-align: center;\">F\u00fcr Kommentare &#8211; auch kritische &#8211; bin ich dankbar.<\/p>\n<p style=\"text-align: center;\">Viel Spa\u00df!<br \/>\nAlbrecht<\/p>\n","protected":false},"excerpt":{"rendered":"<p>Hallo, mein Name ist Albrecht Ebertsh\u00e4user.&nbsp; Ich bin leidenschaftlicher Hobbyfotograf&nbsp;und wohne am Fu\u00dfe der Achalm. Menschen, Natur und Reisen faszinieren mich. F\u00fcr Kommentare &#8211; auch kritische &#8211; bin ich dankbar. Viel Spa\u00df! Albrecht<\/p>\n","protected":false},"author":2,"featured_media":0,"parent":0,"menu_order":2,"comment_status":"closed","ping_status":"closed","template":"","meta":{"ngg_post_thumbnail":0,"footnotes":""},"class_list":["post-4","page","type-page","status-publish","hentry"],"_links":{"self":[{"href":"http:\/\/www.albrecht-ebertshaeuser.de\/wordpress\/index.php?rest_route=\/wp\/v2\/pages\/4","targetHints":{"allow":["GET"]}}],"collection":[{"href":"http:\/\/www.albrecht-ebertshaeuser.de\/wordpress\/index.php?rest_route=\/wp\/v2\/pages"}],"about":[{"href":"http:\/\/www.albrecht-ebertshaeuser.de\/wordpress\/index.php?rest_route=\/wp\/v2\/types\/page"}],"author":[{"embeddable":true,"href":"http:\/\/www.albrecht-ebertshaeuser.de\/wordpress\/index.php?rest_route=\/wp\/v2\/users\/2"}],"replies":[{"embeddable":true,"href":"http:\/\/www.albrecht-ebertshaeuser.de\/wordpress\/index.php?rest_route=%2Fwp%2Fv2%2Fcomments&post=4"}],"version-history":[{"count":3,"href":"http:\/\/www.albrecht-ebertshaeuser.de\/wordpress\/index.php?rest_route=\/wp\/v2\/pages\/4\/revisions"}],"predecessor-version":[{"id":764,"href":"http:\/\/www.albrecht-ebertshaeuser.de\/wordpress\/index.php?rest_route=\/wp\/v2\/pages\/4\/revisions\/764"}],"wp:attachment":[{"href":"http:\/\/www.albrecht-ebertshaeuser.de\/wordpress\/index.php?rest_route=%2Fwp%2Fv2%2Fmedia&parent=4"}],"curies":[{"name":"wp","href":"https:\/\/api.w.org\/{rel}","templated":true}]}}